{"id":239,"date":"2020-03-18T19:43:02","date_gmt":"2020-03-18T18:43:02","guid":{"rendered":"https:\/\/boesels.beeawesome.co\/?page_id=239"},"modified":"2026-01-29T11:47:19","modified_gmt":"2026-01-29T10:47:19","slug":"imago-paarworkshop","status":"publish","type":"page","link":"https:\/\/boesels.at\/index.php\/imago-paarworkshop\/","title":{"rendered":"Imago-Paarworkshop"},"content":{"rendered":"<div id=\"cs-content\" class=\"cs-content\"><div class=\"x-section e239-e1 m6n-0\"><div class=\"x-bg\" aria-hidden=\"true\"><div class=\"x-bg-layer-lower-image\" style=\" background-image: url(https:\/\/boesels.at\/wp-content\/uploads\/2020\/08\/paare-hintergr-scaled.jpg); background-repeat: no-repeat; background-position: center; background-size: cover;\"><\/div><\/div><div class=\"x-row x-container max width e239-e2 m6n-1 m6n-2 m6n-3 m6n-4 m6n-9 m6n-a\"><div class=\"x-row-inner\"><div class=\"x-col e239-e3 m6n-e m6n-f\"><div class=\"x-text x-text-headline e239-e4 m6n-g\"><div class=\"x-text-content\"><div class=\"x-text-content-text\"><h1 class=\"x-text-content-text-primary\">Imago-Paarworkshop<\/h1>\n<\/div><\/div><\/div><\/div><\/div><\/div><div class=\"x-row e239-e5 m6n-1 m6n-5 m6n-6 m6n-b\"><div class=\"x-row-inner\"><div class=\"x-col x-hide-md x-hide-sm x-hide-xs e239-e6 m6n-e\"><span class=\"x-image e239-e7 m6n-h m6n-i m6n-j\"><img decoding=\"async\" src=\"https:\/\/boesels.at\/wp-content\/uploads\/2020\/01\/97035_35.jpg\" width=\"616\" height=\"920\" alt=\"Image\" loading=\"lazy\"><\/span><a class=\"x-anchor x-anchor-button e239-e8 m6n-l\" tabindex=\"0\" href=\"#\"><div class=\"x-anchor-content\"><div class=\"x-anchor-text\"><span class=\"x-anchor-text-primary\">f\u00fcr Paare<\/span><\/div><\/div><\/a><\/div><div class=\"x-col e239-e9 m6n-e\"><div class=\"x-text x-content e239-e10 m6n-m m6n-n m6n-o m6n-p m6n-q\"><h5>Inhalt und Ziele unseres Workshops<\/h5>\n<p>Im Imago-Paarworkshop bieten wir Ihnen einen <strong>Lern- und Erfahrungsraum<\/strong>, in dem Sie Ihrer Beziehung auf den Grund gehen:<\/p>\n<ul>\n<li>Sie verstehen, was hinter Ihren <strong>&Auml;rgernissen und Machtk&auml;mpfen<\/strong> steckt und k&ouml;nnen Ihren Konflikt entwirren.<\/li>\n<li>Sie kl&auml;ren <strong>Verletzungen, Missverst&auml;ndnisse und Kr&auml;nkungen<\/strong>.<\/li>\n<li>Sie l&ouml;sen Knoten und damit oft auch Schwierigkeiten mit <strong>Erotik und Sexualit&auml;t<\/strong>.<\/li>\n<li>Sie verstehen, wie es soweit kommen konnte, dass eine <strong>Aff&auml;re<\/strong> Ihre Beziehung gef&auml;hrdet.<\/li>\n<li>Sie entdecken wieder die Lebendigkeit in Ihrer Beziehung und erleben sie mit <strong>Freude und Spa&szlig;<\/strong>.<\/li>\n<li>Sie stellen Ihre Beziehung auf eine solide Basis und <strong>entdecken Ihre Ressourcen<\/strong>, auf die Sie zur&uuml;ckgreifen k&ouml;nnen, damit es gar nicht erst zum Konflikt kommt?<\/li>\n<\/ul><\/div><span class=\"x-image e239-e11 m6n-h m6n-k\"><img decoding=\"async\" src=\"https:\/\/boesels.at\/wp-content\/uploads\/2020\/11\/flackl-reichenau.jpg\" width=\"1000\" height=\"400\" alt=\"Image\" loading=\"lazy\"><\/span><div class=\"x-text x-content e239-e12 m6n-m m6n-n m6n-o m6n-p m6n-q\"><h5><strong>Das erwartet Sie<\/strong><\/h5>\n<p>In 2,5 Tagen lernen Sie die <strong>Theorie der bewussten Beziehung<\/strong> kennen &ndash; humorvoll gew&uuml;rzt mit vielen Beispielen aus unserer eigenen Beziehungskiste. Und wir laden Sie ein, den <strong>Imago-Dialog<\/strong> zu &uuml;ben als einen der wirksamsten Wege zur bewussten, wertsch&auml;tzenden Kommunikation.<\/p>\n<p><strong>Die Teilnahme erfolgt nur paarweise, es sind keine Vorkenntnisse daf&uuml;r n&ouml;tig.<\/strong><\/p>\n<p>Sie sind unsicher, ob unser Angebot das Richtige f&uuml;r Sie ist? Wenn Sie m&ouml;chten, k&ouml;nnen Sie unsere Arbeitsweise gleich jetzt in unseren YouTube-Channel kennenlernen, wo wir einen unserer fr&uuml;heren Live-Vortragsabende zu einem <a href=\"https:\/\/www.youtube.com\/watch?v=Rj8Cl2XEJKc&amp;t=18s\">4-teiligen Video<\/a> gemacht haben.<\/p><\/div><div class=\"x-text x-content e239-e13 m6n-m m6n-n m6n-o m6n-p m6n-r\"><p><strong><img loading=\"lazy\" decoding=\"async\" class=\"alignright size-full wp-image-1555\" style=\"float: left;\" src=\"https:\/\/boesels.at\/wp-content\/uploads\/2021\/02\/folder-imago.jpg\" alt=\"\" width=\"211\" height=\"211\" srcset=\"https:\/\/boesels.at\/wp-content\/uploads\/2021\/02\/folder-imago.jpg 400w, https:\/\/boesels.at\/wp-content\/uploads\/2021\/02\/folder-imago-300x300.jpg 300w, https:\/\/boesels.at\/wp-content\/uploads\/2021\/02\/folder-imago-150x150.jpg 150w, https:\/\/boesels.at\/wp-content\/uploads\/2021\/02\/folder-imago-100x100.jpg 100w\" sizes=\"auto, (max-width: 211px) 100vw, 211px\" \/><\/strong><\/p>\n<p>&nbsp;<\/p>\n<p style=\"text-align: left;\">Hier k&ouml;nnen Sie unseren <a href=\"https:\/\/boesels.at\/wp-content\/uploads\/2025\/11\/Folder_Imago-Paarworkshop_Boesels_2025-2026.pdf\">Workshop-Folder als pdf<\/a> downloaden<a href=\"https:\/\/boesels.at\/wp-content\/uploads\/2025\/11\/Folder_Imago-Paarworkshop_Boesels_2025-2026.pdf\">.<\/a><strong><br \/><\/strong><\/p><\/div><\/div><div class=\"x-col e239-e14 m6n-e m6n-f\"><span class=\"x-image e239-e15 m6n-h m6n-j\"><img decoding=\"async\" src=\"https:\/\/boesels.at\/wp-content\/uploads\/2020\/11\/flackl-seminarplaetze.jpg\" width=\"500\" height=\"200\" alt=\"Image\" loading=\"lazy\"><\/span><div class=\"x-text x-content e239-e16 m6n-m m6n-n m6n-o m6n-p m6n-q\"><h5>Ort und Preis<\/h5>\n<p>Unsere Imago-Paarworkshops finden beim <a href=\"https:\/\/www.flackl.at\" target=\"_blank\" rel=\"noopener\"><strong>Flacklwirt<\/strong> <\/a>in Reichenau\/Rax in Nieder&ouml;sterreich statt.<\/p>\n<p>Im Sinne der sozialen Fairness k&ouml;nnen Sie selbst und unabh&auml;ngig von Ihrem Partner den Preis w&auml;hlen: <strong>EUR 430,<\/strong><strong>&ndash; <\/strong><strong>| EUR 460,&ndash; | EUR 490,&ndash; p.P. )<\/strong> Unterkunft und Verpflegung werden vor Ort abgerechnet. In manchen F&auml;llen sind auch <strong><a href=\"https:\/\/boesels.at\/leistbare-therapie\/\">Sozialpl&auml;tze<\/a><\/strong> m&ouml;glich.<\/p><\/div><div class=\"x-text x-content e239-e17 m6n-o m6n-p m6n-q m6n-s\"><h5><br \/>Die n&auml;chsten Termine<br \/><br \/>01. - 03. Mai 2026<br \/>18. - 20. September 2026<br \/>20. - 22. November 2026<br \/>29.-31. J&auml;nner 2027<\/h5>\n<p class=\"p1\"><b>Unsere Workshopzeiten sind: <\/b><\/p>\n<p class=\"p1\">Freitag 13:00 bis ca. 19:00 Uhr<br \/>Samstag 8:30 bis ca. 19:00 Uhr<br \/>Sonntag: 8:30<span class=\"Apple-converted-space\">&nbsp; <\/span>bis 18:00 Uhr<\/p>\n<p class=\"p1\">Wir freuen uns auf Ihre Anmeldung &uuml;ber unser <strong><a href=\"https:\/\/boesels.at\/terminsystem\/?link=home_boesel\/termine_anmeldung\/imago_paarworkshop\">Anmelde-Tool.<\/a><\/strong><br \/><br \/><strong>Bitte melden Sie sich rechtzeitig an.<\/strong> Unsere Termine sind oft schon lange im Voraus ausgebucht &ndash; eine rechtzeitige Anmeldung sichert Ihnen Ihren Platz. Gerne k&ouml;nnen Sie sich auch in die Warteliste eintragen.<\/p><\/div><div class=\"x-text x-content e239-e18 m6n-n m6n-o m6n-q m6n-t\"><h5>Liebe zum Verschenken<\/h5>\n<p><img loading=\"lazy\" decoding=\"async\" class=\"alignright size-full wp-image-1556\" style=\"float: left;\" src=\"https:\/\/boesels.at\/wp-content\/uploads\/2021\/02\/gutschein-2.jpg\" alt=\"\" width=\"140\" height=\"140\" srcset=\"https:\/\/boesels.at\/wp-content\/uploads\/2021\/02\/gutschein-2.jpg 400w, https:\/\/boesels.at\/wp-content\/uploads\/2021\/02\/gutschein-2-300x300.jpg 300w, https:\/\/boesels.at\/wp-content\/uploads\/2021\/02\/gutschein-2-150x150.jpg 150w, https:\/\/boesels.at\/wp-content\/uploads\/2021\/02\/gutschein-2-100x100.jpg 100w\" sizes=\"auto, (max-width: 140px) 100vw, 140px\" \/>Sie m&ouml;chten diesen Workshop gerne verschenken? Sehr gerne stellen wir einen Gutschein aus und personalisieren ihn - auf Wunsch auch mit ein paar pers&ouml;nlichen Worten von Ihnen. Hier geht es zur <strong><a href=\"https:\/\/boesels.at\/terminsystem\/?link=home_boesel\/termine_anmeldung\/bestellung-gutscheine\">Gutschein-Bestellung<\/a><\/strong>!<\/p><\/div><\/div><\/div><\/div><div class=\"x-row e239-e19 m6n-1 m6n-2 m6n-4 m6n-7 m6n-9 m6n-c\"><div class=\"x-row-inner\"><div class=\"x-col e239-e20 m6n-e\"><h2  class=\"h-custom-headline cs-ta-center h3\" ><span>Was unsere Paare sagen...<\/span><\/h2><\/div><\/div><\/div><div class=\"x-row e239-e22 m6n-1 m6n-4 m6n-5 m6n-8 m6n-9 m6n-d\"><div class=\"x-row-inner\"><div class=\"x-col x-hide-lg x-hide-md x-hide-sm x-hide-xs e239-e23 m6n-e\"><\/div><div class=\"x-col e239-e24 m6n-e\"><blockquote class=\"x-testimonial e239-e25 m6n-u\"><span class=\"x-graphic m6n-v\" aria-hidden=\"true\"><i class=\"x-icon x-graphic-child x-graphic-icon x-graphic-primary\" aria-hidden=\"true\" data-x-icon-s=\"&#xf2bd;\"><\/i><\/span><div class=\"x-testimonial-content\"><div class=\"x-testimonial-text\"><p><em>\u201eHier kann man wirklich sehen\/lernen, wie Beziehungen funktionieren. F\u00fcr mich und meine pers\u00f6nliche Erfahrung bisher der beste und wirksamste Weg, die Welt ein St\u00fcck weit zu verbessern.\u201c<\/em><\/p><\/div><span class=\"x-testimonial-cite\"><span class=\"x-testimonial-cite-content\">\n<span class=\"x-rating m6n-w\">\n\n  <span class=\"x-rating-graphic\" role=\"img\" aria-label=\"3.5 \/ 5\">\n    <i class=\"x-icon\" aria-hidden=\"true\" data-x-icon-s=\"&#xf005;\"><\/i><i class=\"x-icon\" aria-hidden=\"true\" data-x-icon-s=\"&#xf005;\"><\/i><i class=\"x-icon\" aria-hidden=\"true\" data-x-icon-s=\"&#xf005;\"><\/i><i class=\"x-icon\" aria-hidden=\"true\" data-x-icon-s=\"&#xf5c0;\"><\/i><i class=\"x-icon\" aria-hidden=\"true\" data-x-icon-o=\"&#xf005;\"><\/i>  <\/span>\n\n  \n  \n<\/span>\n<\/span><\/span><\/div><\/blockquote><\/div><div class=\"x-col e239-e26 m6n-e\"><blockquote class=\"x-testimonial e239-e27 m6n-u\"><span class=\"x-graphic m6n-v\" aria-hidden=\"true\"><i class=\"x-icon x-graphic-child x-graphic-icon x-graphic-primary\" aria-hidden=\"true\" data-x-icon-s=\"&#xf2bd;\"><\/i><\/span><div class=\"x-testimonial-content\"><div class=\"x-testimonial-text\"><p><em>\u201eLiebe B\u00f6sels!!! Wir beide k\u00f6nnen euch gar nicht sagen, wie gut ihr uns getan habt! Ich f\u00fcr meinen Teil habe meine Lebensfreude, die ich als Kind verloren habe, wiedergefunden.\u201c<br \/>\n<\/em><\/p><\/div><span class=\"x-testimonial-cite\"><span class=\"x-testimonial-cite-content\">\n<span class=\"x-rating m6n-w\">\n\n  <span class=\"x-rating-graphic\" role=\"img\" aria-label=\"3.5 \/ 5\">\n    <i class=\"x-icon\" aria-hidden=\"true\" data-x-icon-s=\"&#xf005;\"><\/i><i class=\"x-icon\" aria-hidden=\"true\" data-x-icon-s=\"&#xf005;\"><\/i><i class=\"x-icon\" aria-hidden=\"true\" data-x-icon-s=\"&#xf005;\"><\/i><i class=\"x-icon\" aria-hidden=\"true\" data-x-icon-s=\"&#xf5c0;\"><\/i><i class=\"x-icon\" aria-hidden=\"true\" data-x-icon-o=\"&#xf005;\"><\/i>  <\/span>\n\n  \n  \n<\/span>\n<\/span><\/span><\/div><\/blockquote><\/div><div class=\"x-col e239-e28 m6n-e\"><blockquote class=\"x-testimonial e239-e29 m6n-u\"><span class=\"x-graphic m6n-v\" aria-hidden=\"true\"><i class=\"x-icon x-graphic-child x-graphic-icon x-graphic-primary\" aria-hidden=\"true\" data-x-icon-s=\"&#xf2bd;\"><\/i><\/span><div class=\"x-testimonial-content\"><div class=\"x-testimonial-text\"><p><em>&bdquo;Schade, dass wir nicht schon vor 25 Jahren hier waren! Gut, dass wir jetzt da waren.&ldquo;<\/em><\/p><\/div><span class=\"x-testimonial-cite\"><span class=\"x-testimonial-cite-content\">\n<span class=\"x-rating m6n-w\">\n\n  <span class=\"x-rating-graphic\" role=\"img\" aria-label=\"3.5 \/ 5\">\n    <i class=\"x-icon\" aria-hidden=\"true\" data-x-icon-s=\"&#xf005;\"><\/i><i class=\"x-icon\" aria-hidden=\"true\" data-x-icon-s=\"&#xf005;\"><\/i><i class=\"x-icon\" aria-hidden=\"true\" data-x-icon-s=\"&#xf005;\"><\/i><i class=\"x-icon\" aria-hidden=\"true\" data-x-icon-s=\"&#xf5c0;\"><\/i><i class=\"x-icon\" aria-hidden=\"true\" data-x-icon-o=\"&#xf005;\"><\/i>  <\/span>\n\n  \n  \n<\/span>\n<\/span><\/span><\/div><\/blockquote><\/div><\/div><\/div><\/div><\/div>\n","protected":false},"excerpt":{"rendered":"<p>Imago-Paarworkshop f\u00fcr PaareInhalt und Ziele unseres Workshops Im Imago-Paarworkshop bieten wir Ihnen einen Lern- und [&hellip;]<\/p>\n","protected":false},"author":4,"featured_media":0,"parent":0,"menu_order":0,"comment_status":"closed","ping_status":"closed","template":"template-blank-4.php","meta":{"_acf_changed":false,"ub_ctt_via":"","footnotes":""},"class_list":["post-239","page","type-page","status-publish","hentry","no-post-thumbnail"],"acf":[],"featured_image_src":null,"yoast_head":"<!-- This site is optimized with the Yoast SEO plugin v25.0 - https:\/\/yoast.com\/wordpress\/plugins\/seo\/ -->\n<title>Imago-Paarworkshop - B\u00f6sels<\/title>\n<meta name=\"robots\" content=\"index, follow, max-snippet:-1, max-image-preview:large, max-video-preview:-1\" \/>\n<link rel=\"canonical\" href=\"https:\/\/boesels.at\/index.php\/imago-paarworkshop\/\" \/>\n<meta property=\"og:locale\" content=\"de_DE\" \/>\n<meta property=\"og:type\" content=\"article\" \/>\n<meta property=\"og:title\" content=\"Imago-Paarworkshop - B\u00f6sels\" \/>\n<meta property=\"og:description\" content=\"Imago-Paarworkshop f\u00fcr PaareInhalt und Ziele unseres Workshops Im Imago-Paarworkshop bieten wir Ihnen einen Lern- und [&hellip;]\" \/>\n<meta property=\"og:url\" content=\"https:\/\/boesels.at\/index.php\/imago-paarworkshop\/\" \/>\n<meta property=\"og:site_name\" content=\"B\u00f6sels\" \/>\n<meta property=\"article:modified_time\" content=\"2026-01-29T10:47:19+00:00\" \/>\n<meta property=\"og:image\" content=\"https:\/\/boesels.at\/wp-content\/uploads\/2021\/02\/folder-imago.jpg\" \/>\n<meta name=\"twitter:card\" content=\"summary_large_image\" \/>\n<meta name=\"twitter:label1\" content=\"Gesch\u00e4tzte Lesezeit\" \/>\n\t<meta name=\"twitter:data1\" content=\"1\u00a0Minute\" \/>\n<script type=\"application\/ld+json\" class=\"yoast-schema-graph\">{\"@context\":\"https:\/\/schema.org\",\"@graph\":[{\"@type\":\"WebPage\",\"@id\":\"https:\/\/boesels.at\/index.php\/imago-paarworkshop\/\",\"url\":\"https:\/\/boesels.at\/index.php\/imago-paarworkshop\/\",\"name\":\"Imago-Paarworkshop - B\u00f6sels\",\"isPartOf\":{\"@id\":\"https:\/\/boesels.at\/index.php\/#website\"},\"primaryImageOfPage\":{\"@id\":\"https:\/\/boesels.at\/index.php\/imago-paarworkshop\/#primaryimage\"},\"image\":{\"@id\":\"https:\/\/boesels.at\/index.php\/imago-paarworkshop\/#primaryimage\"},\"thumbnailUrl\":\"https:\/\/boesels.at\/wp-content\/uploads\/2021\/02\/folder-imago.jpg\",\"datePublished\":\"2020-03-18T18:43:02+00:00\",\"dateModified\":\"2026-01-29T10:47:19+00:00\",\"breadcrumb\":{\"@id\":\"https:\/\/boesels.at\/index.php\/imago-paarworkshop\/#breadcrumb\"},\"inLanguage\":\"de\",\"potentialAction\":[{\"@type\":\"ReadAction\",\"target\":[\"https:\/\/boesels.at\/index.php\/imago-paarworkshop\/\"]}]},{\"@type\":\"ImageObject\",\"inLanguage\":\"de\",\"@id\":\"https:\/\/boesels.at\/index.php\/imago-paarworkshop\/#primaryimage\",\"url\":\"https:\/\/boesels.at\/wp-content\/uploads\/2021\/02\/folder-imago.jpg\",\"contentUrl\":\"https:\/\/boesels.at\/wp-content\/uploads\/2021\/02\/folder-imago.jpg\"},{\"@type\":\"BreadcrumbList\",\"@id\":\"https:\/\/boesels.at\/index.php\/imago-paarworkshop\/#breadcrumb\",\"itemListElement\":[{\"@type\":\"ListItem\",\"position\":1,\"name\":\"Startseite\",\"item\":\"https:\/\/boesels.at\/index.php\/\"},{\"@type\":\"ListItem\",\"position\":2,\"name\":\"Imago-Paarworkshop\"}]},{\"@type\":\"WebSite\",\"@id\":\"https:\/\/boesels.at\/index.php\/#website\",\"url\":\"https:\/\/boesels.at\/index.php\/\",\"name\":\"B\u00f6sels\",\"description\":\"beziehungsweise gl\u00fccklich\",\"publisher\":{\"@id\":\"https:\/\/boesels.at\/index.php\/#organization\"},\"potentialAction\":[{\"@type\":\"SearchAction\",\"target\":{\"@type\":\"EntryPoint\",\"urlTemplate\":\"https:\/\/boesels.at\/index.php\/?s={search_term_string}\"},\"query-input\":{\"@type\":\"PropertyValueSpecification\",\"valueRequired\":true,\"valueName\":\"search_term_string\"}}],\"inLanguage\":\"de\"},{\"@type\":\"Organization\",\"@id\":\"https:\/\/boesels.at\/index.php\/#organization\",\"name\":\"B\u00f6sels\",\"url\":\"https:\/\/boesels.at\/index.php\/\",\"logo\":{\"@type\":\"ImageObject\",\"inLanguage\":\"de\",\"@id\":\"https:\/\/boesels.at\/index.php\/#\/schema\/logo\/image\/\",\"url\":\"https:\/\/boesels.at\/wp-content\/uploads\/2020\/03\/logo.png\",\"contentUrl\":\"https:\/\/boesels.at\/wp-content\/uploads\/2020\/03\/logo.png\",\"width\":320,\"height\":122,\"caption\":\"B\u00f6sels\"},\"image\":{\"@id\":\"https:\/\/boesels.at\/index.php\/#\/schema\/logo\/image\/\"}}]}<\/script>\n<!-- \/ Yoast SEO plugin. -->","yoast_head_json":{"title":"Imago-Paarworkshop - B\u00f6sels","robots":{"index":"index","follow":"follow","max-snippet":"max-snippet:-1","max-image-preview":"max-image-preview:large","max-video-preview":"max-video-preview:-1"},"canonical":"https:\/\/boesels.at\/index.php\/imago-paarworkshop\/","og_locale":"de_DE","og_type":"article","og_title":"Imago-Paarworkshop - B\u00f6sels","og_description":"Imago-Paarworkshop f\u00fcr PaareInhalt und Ziele unseres Workshops Im Imago-Paarworkshop bieten wir Ihnen einen Lern- und [&hellip;]","og_url":"https:\/\/boesels.at\/index.php\/imago-paarworkshop\/","og_site_name":"B\u00f6sels","article_modified_time":"2026-01-29T10:47:19+00:00","og_image":[{"url":"https:\/\/boesels.at\/wp-content\/uploads\/2021\/02\/folder-imago.jpg","type":"","width":"","height":""}],"twitter_card":"summary_large_image","twitter_misc":{"Gesch\u00e4tzte Lesezeit":"1\u00a0Minute"},"schema":{"@context":"https:\/\/schema.org","@graph":[{"@type":"WebPage","@id":"https:\/\/boesels.at\/index.php\/imago-paarworkshop\/","url":"https:\/\/boesels.at\/index.php\/imago-paarworkshop\/","name":"Imago-Paarworkshop - B\u00f6sels","isPartOf":{"@id":"https:\/\/boesels.at\/index.php\/#website"},"primaryImageOfPage":{"@id":"https:\/\/boesels.at\/index.php\/imago-paarworkshop\/#primaryimage"},"image":{"@id":"https:\/\/boesels.at\/index.php\/imago-paarworkshop\/#primaryimage"},"thumbnailUrl":"https:\/\/boesels.at\/wp-content\/uploads\/2021\/02\/folder-imago.jpg","datePublished":"2020-03-18T18:43:02+00:00","dateModified":"2026-01-29T10:47:19+00:00","breadcrumb":{"@id":"https:\/\/boesels.at\/index.php\/imago-paarworkshop\/#breadcrumb"},"inLanguage":"de","potentialAction":[{"@type":"ReadAction","target":["https:\/\/boesels.at\/index.php\/imago-paarworkshop\/"]}]},{"@type":"ImageObject","inLanguage":"de","@id":"https:\/\/boesels.at\/index.php\/imago-paarworkshop\/#primaryimage","url":"https:\/\/boesels.at\/wp-content\/uploads\/2021\/02\/folder-imago.jpg","contentUrl":"https:\/\/boesels.at\/wp-content\/uploads\/2021\/02\/folder-imago.jpg"},{"@type":"BreadcrumbList","@id":"https:\/\/boesels.at\/index.php\/imago-paarworkshop\/#breadcrumb","itemListElement":[{"@type":"ListItem","position":1,"name":"Startseite","item":"https:\/\/boesels.at\/index.php\/"},{"@type":"ListItem","position":2,"name":"Imago-Paarworkshop"}]},{"@type":"WebSite","@id":"https:\/\/boesels.at\/index.php\/#website","url":"https:\/\/boesels.at\/index.php\/","name":"B\u00f6sels","description":"beziehungsweise gl\u00fccklich","publisher":{"@id":"https:\/\/boesels.at\/index.php\/#organization"},"potentialAction":[{"@type":"SearchAction","target":{"@type":"EntryPoint","urlTemplate":"https:\/\/boesels.at\/index.php\/?s={search_term_string}"},"query-input":{"@type":"PropertyValueSpecification","valueRequired":true,"valueName":"search_term_string"}}],"inLanguage":"de"},{"@type":"Organization","@id":"https:\/\/boesels.at\/index.php\/#organization","name":"B\u00f6sels","url":"https:\/\/boesels.at\/index.php\/","logo":{"@type":"ImageObject","inLanguage":"de","@id":"https:\/\/boesels.at\/index.php\/#\/schema\/logo\/image\/","url":"https:\/\/boesels.at\/wp-content\/uploads\/2020\/03\/logo.png","contentUrl":"https:\/\/boesels.at\/wp-content\/uploads\/2020\/03\/logo.png","width":320,"height":122,"caption":"B\u00f6sels"},"image":{"@id":"https:\/\/boesels.at\/index.php\/#\/schema\/logo\/image\/"}}]}},"_links":{"self":[{"href":"https:\/\/boesels.at\/index.php\/wp-json\/wp\/v2\/pages\/239","targetHints":{"allow":["GET"]}}],"collection":[{"href":"https:\/\/boesels.at\/index.php\/wp-json\/wp\/v2\/pages"}],"about":[{"href":"https:\/\/boesels.at\/index.php\/wp-json\/wp\/v2\/types\/page"}],"author":[{"embeddable":true,"href":"https:\/\/boesels.at\/index.php\/wp-json\/wp\/v2\/users\/4"}],"replies":[{"embeddable":true,"href":"https:\/\/boesels.at\/index.php\/wp-json\/wp\/v2\/comments?post=239"}],"version-history":[{"count":31,"href":"https:\/\/boesels.at\/index.php\/wp-json\/wp\/v2\/pages\/239\/revisions"}],"predecessor-version":[{"id":2680,"href":"https:\/\/boesels.at\/index.php\/wp-json\/wp\/v2\/pages\/239\/revisions\/2680"}],"wp:attachment":[{"href":"https:\/\/boesels.at\/index.php\/wp-json\/wp\/v2\/media?parent=239"}],"curies":[{"name":"wp","href":"https:\/\/api.w.org\/{rel}","templated":true}]}}